actor of 235417 and 4732?
1183
Calculate the highest common divisor of 551565 and 35.
35
What is the greatest common factor of 29685 and 30?
15
Calculate the highest common factor of 133 and 10.
1
What is the greatest common factor of 2445 and 405?
15
Calculate the highest common divisor of 228 and 372.
12
Calculate the greatest common factor of 768 and 192256.
256
Calculate the greatest common factor of 63 and 395.
1
Calculate the highest common factor of 188201 and 31.
31
What is the highest common divisor of 665302 and 88?
22
Calculate the highest common divisor of 1008 and 99729.
63
Calculate the highest common divisor of 1230 and 192.
6
Calculate the highest common divisor of 163666 and 73.
73
Calculate the highest common divisor of 159 and 107431.
53
Calculate the greatest common factor of 213793 and 439.
439
Calculate the greatest common factor of 42172 and 13.
13
Calculate the highest common factor of 156 and 326404.
52
Calculate the greatest common factor of 5723 and 2425.
97
Calculate the greatest common divisor of 1390 and 6610.
10
What is the highest common divisor of 112 and 26192?
16
Calculate the greatest common factor of 3417 and 50049.
201
Calculate the highest common divisor of 48255 and 30.
15
What is the highest common divisor of 79584 and 2616?
24
Calculate the greatest common factor of 14287 and 17927.
91
What is the highest common factor of 123521 and 1192?
149
Calculate the greatest common divisor of 52 and 12532.
52
Calculate the greatest common factor of 168 and 1302.
42
Calculate the highest common divisor of 6208 and 1856.
64
Calculate the greatest common divisor of 14508 and 3.
3
Calculate the greatest common divisor of 36 and 46716.
12
What is the greatest common factor of 846 and 462060?
18
What is the greatest common factor of 15183 and 42?
21
Calculate the greatest common factor of 2728194 and 204.
102
Calculate the highest common factor of 75878 and 22.
22
Calculate the highest common factor of 13972 and 10892.
28
Calculate the highest common divisor of 109480 and 40.
40
Calculate the greatest common factor of 8820 and 26901.
441
Calculate the greatest common factor of 54158 and 117.
13
What is the greatest common divisor of 498265 and 878?
439
What is the highest common factor of 1629 and 7783?
181
Calculate the greatest common divisor of 39 and 9.
3
What is the greatest common factor of 3476 and 1422?
158
What is the greatest common factor of 1624 and 3780?
28
Calculate the greatest common factor of 53 and 1998047.
53
What is the highest common factor of 250548 and 12?
12
What is the greatest common divisor of 160875 and 22000?
1375
Calculate the highest common divisor of 156588 and 60.
12
Calculate the greatest common factor of 876 and 24.
12
What is the highest common factor of 210657 and 5893?
71
What is the greatest common factor of 2156 and 1100?
44
Calculate the highest common divisor of 1200108 and 13.
13
What is the highest common divisor of 12 and 422?
2
Calculate the highest common factor of 448460 and 340.
340
Calculate the highest common divisor of 18 and 58221.
9
What is the highest common factor of 1020066 and 394?
394
What is the greatest common divisor of 140 and 238560?
140
Calculate the highest common divisor of 6359 and 9.
1
Calculate the highest common divisor of 2187 and 3834.
27
What is the greatest common factor of 38080 and 10115?
595
What is the highest common divisor of 3959 and 271673?
107
What is the greatest common divisor of 154586 and 4514?
74
What is the highest common factor of 241661 and 79?
79
What is the highest common divisor of 243 and 23652?
81
Calculate the greatest common divisor of 1 and 403957.
1
Calculate the highest common factor of 8200 and 13776.
328
What is the highest common divisor of 72 and 17478?
18
What is the highest common divisor of 3818 and 230?
46
What is the highest common divisor of 573 and 11022801?
573
Calculate the greatest common divisor of 1935 and 33024.
129
Calculate the greatest common divisor of 18 and 1750014.
18
What is the highest common factor of 26920 and 60?
20
What is the highest common divisor of 1200 and 3725?
25
Calculate the highest common divisor of 406 and 39179.
203
Calculate the highest common divisor of 1406727 and 1654.
827
What is the highest common factor of 704 and 54?
2
What is the greatest common factor of 56095 and 28479?
863
What is the highest common factor of 344 and 88580?
172
What is the greatest common factor of 169455 and 96538?
1027
What is the greatest common factor of 22361 and 42069?
379
What is the highest common factor of 660 and 65868?
132
Calculate the highest common factor of 50295 and 210.
105
Calculate the highest common factor of 1851211 and 397.
397
Calculate the greatest common divisor of 30057 and 387.
129
Calculate the highest common divisor of 55 and 28589.
11
What is the greatest common divisor of 92723 and 3?
1
Calculate the greatest common factor of 33 and 1264593.
33
What is the highest common factor of 590 and 287684?
118
Calculate the greatest common factor of 46200 and 2184.
168
What is the highest common divisor of 703 and 21349?
37
What is the highest common factor of 10 and 160230?
10
Calculate the greatest common factor of 81275 and 475.
25
What is the greatest common factor of 1014950 and 265?
265
What is the highest common factor of 155 and 6415?
5
What is the greatest common factor of 142784 and 1164?
388
Calculate the greatest common factor of 13509 and 31.
1
Calculate the greatest common factor of 157456 and 91.
13
What is the highest common factor of 121716 and 420?
84
Calculate the greatest common factor of 104091 and 10387.
221
What is the highest common factor of 4689 and 333?
9
Calculate the greatest common divisor of 85 and 4573.
17
Calculate the highest common factor of 32396 and 1417.
13
What is the highest common factor of 11728 and 80?
16
Calculate the greatest common divisor of 23946 and 351.
39
Calculate the highest common divisor of 19317 and 4932.
411
Calculate the greatest common divisor of 287432 and 19.
19
Calculate the highest common divisor of 26385 and 30.
15
Calculate the greatest common factor of 3520 and 177680.
80
Calculate the highest common divisor of 282920 and 7040.
440
What is the highest common divisor of 234783 and 171?
171
Calculate the greatest common divisor of 29918 and 742.
14
What is the greatest common divisor of 142 and 3242?
2
What is the highest common factor of 3465 and 14520?
165
Calculate the highest common factor of 598 and 20722.
26
What is the highest common factor of 26200 and 400?
200
What is the highest common divisor of 1169 and 14?
7
What is the greatest common divisor of 9423 and 4563?
27
Calculate the highest common factor of 454059 and 81405.
1809
Calculate the greatest common divisor of 55056 and 3968.
496
Calculate the greatest common factor of 9882 and 12688.
122
Calculate the greatest common divisor of 408 and 10081.
17
Calculate the greatest common divisor of 1554 and 285.
3
What is the highest common factor of 302549 and 221?
221
Calculate the greatest common factor of 90 and 50670.
90
What is the highest common divisor of 4344 and 14661?
543
Calculate the greatest common factor of 11149230 and 1770.
1770
Calculate the highest common factor of 1405220 and 850.
170
Calculate the highest common factor of 735 and 70413.
147
What is the highest common divisor of 273 and 3149419?
91
Calculate the greatest common factor of 1791370 and 40.
10
What is the highest common factor of 39613 and 721?
7
What is the greatest common divisor of 11 and 25344?
11
Calculate the highest common factor of 360 and 33192.
72
What is the highest common divisor of 999732 and 84?
12
Calculate the highest common divisor of 7628 and 324.
4
Calculate the highest common divisor of 3699 and 357433.
137
Calculate the highest common factor of 108 and 2369196.
108
Calculate the highest common factor of 40 and 360280.
40
Calculate the greatest common factor of 351 and 7969.
13
Calculate the greatest common factor of 2114 and 7646338.
2114
Calculate the highest common divisor of 167811 and 183.
183
Calculate the greatest common divisor of 8690 and 48822.
158
What is the highest common factor of 108 and 11961?
27
What is the highest common divisor of 14